{"id":33,"date":"2024-10-05T13:55:02","date_gmt":"2024-10-05T11:55:02","guid":{"rendered":"https:\/\/atelier-magali-a.fr\/?page_id=33"},"modified":"2025-03-03T12:49:53","modified_gmt":"2025-03-03T11:49:53","slug":"a-propos","status":"publish","type":"page","link":"https:\/\/atelier-magali-a.fr\/index.php\/a-propos\/","title":{"rendered":"Magali A ?"},"content":{"rendered":"\n<figure class=\"wp-block-image alignwide size-full\"><img loading=\"lazy\" decoding=\"async\" width=\"2560\" height=\"412\" src=\"https:\/\/atelier-magali-a.fr\/wp-content\/uploads\/2025\/02\/illustration_bandeau_temoignages_2-scaled.jpg\" alt=\"bandeau couleurs Atelier Magali A rouge bleu jaune rose t\u00e9moignage client h\u00e9ron fritillaire pintade illustration aplats couleurs nature feuilles v\u00e9g\u00e9taux fleurs\" class=\"wp-image-1031\" srcset=\"https:\/\/atelier-magali-a.fr\/wp-content\/uploads\/2025\/02\/illustration_bandeau_temoignages_2-scaled.jpg 2560w, https:\/\/atelier-magali-a.fr\/wp-content\/uploads\/2025\/02\/illustration_bandeau_temoignages_2-300x48.jpg 300w, https:\/\/atelier-magali-a.fr\/wp-content\/uploads\/2025\/02\/illustration_bandeau_temoignages_2-1024x165.jpg 1024w, https:\/\/atelier-magali-a.fr\/wp-content\/uploads\/2025\/02\/illustration_bandeau_temoignages_2-768x124.jpg 768w, https:\/\/atelier-magali-a.fr\/wp-content\/uploads\/2025\/02\/illustration_bandeau_temoignages_2-1536x247.jpg 1536w, https:\/\/atelier-magali-a.fr\/wp-content\/uploads\/2025\/02\/illustration_bandeau_temoignages_2-2048x329.jpg 2048w\" sizes=\"auto, (max-width: 2560px) 100vw, 2560px\" \/><\/figure>\n\n\n\n<blockquote class=\"wp-block-quote is-layout-flow wp-block-quote-is-layout-flow\">\n<h3 class=\"wp-block-heading has-foreground-color has-text-color has-link-color wp-elements-044e0b958342c7c9811fd58988e317d5\"><strong>Magali A&nbsp;?<\/strong><\/h3>\n\n\n\n<figure class=\"wp-block-image size-large\"><img loading=\"lazy\" decoding=\"async\" width=\"923\" height=\"1024\" src=\"https:\/\/atelier-magali-a.fr\/wp-content\/uploads\/2025\/03\/PHOTO_MAGALI-A_IMG_1218-923x1024.jpg\" alt=\"\" class=\"wp-image-1033\" srcset=\"https:\/\/atelier-magali-a.fr\/wp-content\/uploads\/2025\/03\/PHOTO_MAGALI-A_IMG_1218-923x1024.jpg 923w, https:\/\/atelier-magali-a.fr\/wp-content\/uploads\/2025\/03\/PHOTO_MAGALI-A_IMG_1218-270x300.jpg 270w, https:\/\/atelier-magali-a.fr\/wp-content\/uploads\/2025\/03\/PHOTO_MAGALI-A_IMG_1218-768x852.jpg 768w, https:\/\/atelier-magali-a.fr\/wp-content\/uploads\/2025\/03\/PHOTO_MAGALI-A_IMG_1218.jpg 942w\" sizes=\"auto, (max-width: 923px) 100vw, 923px\" \/><\/figure>\n\n\n\n<p><\/p>\n\n\n\n<p>Une illustratrice et graphiste, mais pas que, avec 20 ans d\u2019exp\u00e9riences professionnelles. Magali A&#8230;<\/p>\n\n\n\n<p>&#8230;<strong>A<\/strong> comme <strong>Auneau<\/strong>, mes racines &#8211; <strong>A<\/strong> comme <strong>Accompagnement<\/strong> &#8211; <strong>A<\/strong> comme <strong>Artistique<\/strong> &#8211; <strong>A<\/strong> comme <strong>Abondance<\/strong> &#8211; <strong>A<\/strong> comme <strong>Authentique<\/strong> &#8211; <strong>A<\/strong> comme <strong>Ambition<\/strong><\/p>\n<\/blockquote>\n\n\n\n<p><strong>Conceptrice\/traductrice en images graphiques<\/strong><br><strong>Accompagnatrice artistique<br>G\u00e9rante de l&rsquo;Atelier Magali A &#8211; Penseuse en images<\/strong><br>J&rsquo;apporte une expertise et une solution graphiques dans la complexit\u00e9 d&rsquo;un projet, pour lui donner vie dans la mati\u00e8re, dans le concret.<\/p>\n\n\n\n<p>Je travaille \u00e0 mon compte depuis 2011. <br>Immatricul\u00e9e \u00e0 la Maison des Artistes. <br>Avec un parcours de 7 ans en agences de communication sur Paris, Nantes puis Angers.<\/p>\n\n\n\n<p>L\u2019atelier est implant\u00e9 en Anjou, au c\u0153ur des Mauges (49), entre Nantes, Angers et Cholet, o\u00f9 je serai ravie de vous accueillir.<\/p>\n\n\n\n<p><strong>\u00c0 disposition des entreprises priv\u00e9es, collectivit\u00e9s, syndicats intercommunaux, mairies, \u2026 tout professionnel du priv\u00e9 ou du public d\u00e9sirant maintenir, valoriser, renouveler son image en communication graphique et visuelle.<\/strong><\/p>\n\n\n\n<p><strong>Tout professionnel souhaitant cr\u00e9er, compl\u00e9ter, enrichir ses outils de communication, en interne aupr\u00e8s de ses \u00e9quipes et en externe \u00e0 l\u2019attention de ses clients ou de son c\u0153ur de cible.<\/strong><\/p>\n\n\n\n<p>Pour mener \u00e0 bien vos projets de A \u00e0 Z, je m\u2019entoure de&nbsp;mes partenaires compl\u00e9mentaires.<\/p>\n\n\n\n<p class=\"has-small-font-size\"><em>Les&nbsp;visuels de ce site&nbsp;ne sont pas libres de droit, merci de ne pas les utiliser sans autorisation.<\/em><\/p>\n\n\n\n<p class=\"has-small-font-size\"><em>N\u00b0 Siret 534 792 650 000 36 \u2013 N\u00b0 MDA AE36008 \u2013 APE 9003A &#8211; EI<\/em><\/p>\n","protected":false},"excerpt":{"rendered":"<p>Conceptrice\/traductrice en images graphiquesAccompagnatrice artistiqueG\u00e9rante de l&rsquo;Atelier Magali A &#8211; Penseuse en imagesJ&rsquo;apporte une expertise et une solution graphiques dans la complexit\u00e9 d&rsquo;un projet, pour lui donner vie dans la mati\u00e8re, dans le concret. Je travaille \u00e0 mon compte depuis 2011. Immatricul\u00e9e \u00e0 la Maison des Artistes. Avec un parcours de 7 ans en agences [&hellip;]<\/p>\n","protected":false},"author":1,"featured_media":0,"parent":0,"menu_order":0,"comment_status":"closed","ping_status":"closed","template":"","meta":{"footnotes":""},"class_list":["post-33","page","type-page","status-publish","hentry"],"_links":{"self":[{"href":"https:\/\/atelier-magali-a.fr\/index.php\/wp-json\/wp\/v2\/pages\/33","targetHints":{"allow":["GET"]}}],"collection":[{"href":"https:\/\/atelier-magali-a.fr\/index.php\/wp-json\/wp\/v2\/pages"}],"about":[{"href":"https:\/\/atelier-magali-a.fr\/index.php\/wp-json\/wp\/v2\/types\/page"}],"author":[{"embeddable":true,"href":"https:\/\/atelier-magali-a.fr\/index.php\/wp-json\/wp\/v2\/users\/1"}],"replies":[{"embeddable":true,"href":"https:\/\/atelier-magali-a.fr\/index.php\/wp-json\/wp\/v2\/comments?post=33"}],"version-history":[{"count":34,"href":"https:\/\/atelier-magali-a.fr\/index.php\/wp-json\/wp\/v2\/pages\/33\/revisions"}],"predecessor-version":[{"id":1040,"href":"https:\/\/atelier-magali-a.fr\/index.php\/wp-json\/wp\/v2\/pages\/33\/revisions\/1040"}],"wp:attachment":[{"href":"https:\/\/atelier-magali-a.fr\/index.php\/wp-json\/wp\/v2\/media?parent=33"}],"curies":[{"name":"wp","href":"https:\/\/api.w.org\/{rel}","templated":true}]}}